*d - 30 = -30*d. Suppose -z - d = -h. What is the units digit of h?
6
Suppose -5*j = -7945 + 3020. What is the tens digit of j?
8
What is the tens digit of 1/(3 - (1 + (-3862)/(-1932)))?
6
Let v(l) = 2*l**2 - 2*l - 1. Let f be v(2). Suppose -4*n + 263 = -5*z, -5*n = f*z - 0*z + 143. Let t = z - -80. What is the units digit of t?
9
Suppose 8 = -2*y + 6*y. Suppose -4 + 0 = -y*p. Suppose p*o - 38 + 0 = 0. What is the tens digit of o?
1
Let p(o) = 41*o**2 - 2*o + 45. What is the units digit of p(-8)?
5
Let j(b) = b**2 - 9*b - 114. What is the units digit of j(30)?
6
Let p(f) = 12*f**2 - 10. What is the thousands digit of p(-14)?
2
Suppose 4*o + 400 = 7*o - 5*t, o - 2*t - 132 = 0. Suppose -o = -4*l - l. Suppose -2*m = -4*m + l. What is the units digit of m?
4
Let z = 35 - -417. What is the tens digit of z?
5
Suppose 0 = 53*h - 13613 - 7587. What is the hundreds digit of h?
4
Let a = 710 + -104. What is the tens digit of a?
0
Let z(l) = l + 7. Let d be z(-7). Suppose 0 = 3*a - 4*s - 32, 2*s - s + 5 = d. Suppose a*w - 3*f - 2*f - 143 = 0, 4*f = -12. What is the tens digit of w?
3
Let l = -155 - -634. What is the units digit of l?
9
Let o = -708 + 1122. What is the units digit of o?
4
Suppose 8993 = 13*j + 231. What is the hundreds digit of j?
6
What is the hundreds digit of 3/(11/(-6424)*-4)?
4
Suppose s - 772 = 4*u, 14*u - 9*u = -3*s + 2316. What is the tens digit of s?
7
Suppose -12 = -g - 2*g. Suppose 23 - 3 = -g*j. Let n = j + 56. What is the tens digit of n?
5
What is the units digit of 177*(-13 + 6 + 11)?
8
Suppose 5*p - 11 = -1. Suppose p*j = -5*j - 1022. What is the tens digit of (-2)/((16/j)/4)?
7
Let b(o) = o**3 + 27*o**2 + 47*o + 36. What is the tens digit of b(-24)?
3
Suppose 2*o + 157 = 3*o - 2*k, -3*k = o - 167. Suppose 36 + o = u. What is the units digit of u?
7
Let v(s) be the third derivative of -s**6/120 - 5*s**4/24 - 5*s**3/6 - 3*s**2. What is the tens digit of v(-4)?
7
Let w(o) = -65*o + 6*o - 1 - 2 + 8. What is the units digit of w(-1)?
4
What is the tens digit of (15*14/175)/(2/2520)?
1
Let c be (-1)/5 + (-128)/(-40). Suppose -c*u + 7 = -5. What is the units digit of u?
4
Let a(l) = -l**3 + l**2 - l - 1. Let q be a(-1). Suppose q*t = -4*g + 4, 2*t - 4*t + 4 = 2*g. Suppose g*h = 4*h - 108. What is the tens digit of h?
2
Let y = 262 - -192. What is the hundreds digit of y?
4
Let a be 1/((-35)/(-30) + -1). Let d(o) = o**2 + 6*o + 6. What is the units digit of d(a)?
8
Let a(o) = -13*o + 593. What is the units digit of a(7)?
2
Let n(g) = -g**3 + 7*g - 13. Let t = -11 + 5. What is the hundreds digit of n(t)?
1
Let v(w) = -38*w**2 + w - 2. Let j be v(-2). Let a be (-8)/6*j/8. Let r = -2 + a. What is the tens digit of r?
2
Let l(k) = 5*k**3 + 4*k**2 + 19*k - 3. What is the units digit of l(6)?
5
Let u(i) = 25*i**2 - 12*i - 31. What is the hundreds digit of u(-5)?
6
Let v(j) = -2*j**3 + j**2 + 2*j + 2. Let l be v(0). Suppose 3*t - 4*t - 142 = -2*w, 2*w + 3*t = 134. Suppose w = l*p + 14. What is the units digit of p?
8
What is the hundreds digit of 965 - ((-32)/(-4))/2?
9
Let o(g) = g**2 + 8*g + 7. Let x be o(-7). Let i be (-2 + x)*(-10)/(-20). What is the tens digit of (3 + 1)*i + 25?
2
Let x(b) = 50*b**2 - 3*b. Let v be x(2). Suppose 3*r - 17 + v = 0. What is the units digit of r/(-4) + 2/8?
5
Suppose 11*v - 4*u = 8*v + 12869, 8585 = 2*v + 3*u. What is the tens digit of v?
9
Suppose 0 = 50*c - 9*c - 139646. What is the thousands digit of c?
3
Let k be 3*(-1)/6*-14. Suppose -d + k = -0. What is the units digit of d?
7
Let m = -1418 - -1928. What is the hundreds digit of m?
5
Let v = -637 + 1187. What is the tens digit of v?
5
Let k = 104 - 55. Suppose 5*u - k = 91. What is the units digit of u?
8
Let o be 1 + (-4)/(4/(-3)). Suppose 0*q - o*q = -8. What is the units digit of 13/q*(-4 - -6)?
3
Suppose 5*d + 4*k = 6*k + 6042, 0 = 2*d + 3*k - 2413. What is the units digit of d?
8
Let r = -14 + 8. Suppose 0 = 5*f - 3*h - 0 - 2, f + 14 = -3*h. What is the units digit of r/(f + 0/2)?
3
Let z = 57 - 54. Suppose 2*x = -z*t + 38, 0*x = 3*x + 15. What is the units digit of t?
6
What is the units digit of (-3213)/(-63) + 2*1 + -4?
9
Suppose 53*n = 54*n - 104. What is the tens digit of n?
0
Suppose 14*f - 40 = -334. Let t = 165 - f. What is the units digit of t?
6
Let t = -671 + 1044. What is the units digit of 3/(-5) - t/(-5)?
4
Let i = -16 - -19. Suppose 0 = 5*f - 2*w + 54, -4*f = 5*w - i*w + 54. What is the units digit of -3*((-112)/f)/(-4)?
7
Let y(m) = 2*m + m**2 + m**3 + 54 - 2*m**3 - m + 0*m**2. What is the units digit of y(0)?
4
Let p be ((-1)/(-5))/(2/(-25))*-30. Suppose 2*x - p = -4*h + 737, 0 = h - 4*x - 194. What is the hundreds digit of h?
2
Suppose -19*p + 42*p = 135746. What is the tens digit of p?
0
Suppose -s = 3*c - 46, 0*s - 2 = c - 4*s. Let t = -11 + c. Suppose -111 = -5*h - v, -t*h - v = 2*v - 57. What is the units digit of h?
3
Let c(a) = -27*a - 32. Let n be c(-6). Suppose -39*i = -44*i + n. What is the tens digit of i?
2
Let u = 36 + -64. What is the tens digit of (-271)/(-13) - (u/91)/2?
2
Let a = -261 + 530. Suppose 0*r - t + a = 3*r, 4*t - 453 = -5*r. What is the tens digit of r?
8
Let j(p) = -8*p**2 + 6*p - 5. Let f be j(4). Let r = -54 - f. What is the tens digit of r?
5
Suppose 5*q + 0*n = -3*n + 2192, -2*q + 3*n = -860. Suppose 0 = 5*r + 46 - q. Suppose 3*w + 4*l = l + r, -4*w = -3*l - 76. What is the units digit of w?
2
Let d = 59 + -177. What is the units digit of (5 + -7)/(4/d)?
9
Suppose 10*l - 9449 = -l. What is the units digit of l?
9
Suppose b = -2*m + 573, 3*m = -0*m - 3*b + 855. Suppose 5*x - 4*x = 3*i - 226, -m = -4*i - 2*x. What is the units digit of i?
4
Suppose -7*s + 12 = -3*s. Let l be 2/s + (-4)/6. What is the units digit of (2 + l)*(-10)/(-4)?
5
Suppose 5812 = 7*a - 3*a. What is the units digit of a?
3
Let d(o) = o**2 - 1. Let q(b) = -b**2 - 6*b + 10. Let x(r) = 4*d(r) + q(r). What is the units digit of x(4)?
0
Let o be 130/30 + 1/(-3). Let k(s) = 2*s**3 - 4*s**2 - 4*s - 2. What is the units digit of k(o)?
6
Let j be 80/8*(-25)/2. Let k = -40 - j. What is the units digit of k?
5
What is the hundreds digit of (-85142)/(-46) - 20/(-230)?
8
Let p = 1619 + 1078. What is the thousands digit of p?
2
Let v(c) be the third derivative of c**5/60 - c**4/12 - 3*c**3/2 - 7*c**2. What is the tens digit of v(9)?
5
Let a(q) = 37*q**2 - 8*q - 11. Let y be a(6). Suppose -7*u + 316 = -y. What is the tens digit of u?
2
Let d(u) = u**2 + 2*u - 15. What is the tens digit of d(9)?
8
Suppose -134 = -2*s - 0*l + 5*l, -5*l - 67 = -s. Suppose -5*f - 3*i + 180 = 0, -3*f = -2*i - s - 22. What is the tens digit of f?
3
Let m(f) = 11*f - 7. Let l(w) = -w**3 - 2*w**2 + 23*w + 4. Let b be l(-6). What is the units digit of m(b)?
3
Let k = -28 - -372. What is the hundreds digit of k?
3
Suppose -3*t - 6 = 5*k, 4*k - 2*t - 5 = -1. Suppose 3*s = 87 + 45. Suppose 4*c - f - s = k, -6 + 0 = c + 4*f. What is the units digit of c?
0
Suppose -11*l = 861 - 3380. What is the units digit of l?
9
Suppose 13*d - v - 1951 = 10*d, 0 = 3*d + v - 1949. What is the tens digit of d?
5
Suppose 0 = -4*z - 5*j + 46 + 342, 5*j - 485 = -5*z. Suppose -d - z + 300 = 0. What is the units digit of d?
3
Suppose -3*j - x + 536 = -2*j, -3*j = 2*x - 1606. What is the tens digit of j?
3
Suppose -54 = 5*b - 4. Let z(s) = s**3 + 10*s**2 - 11*s - 4. What is the units digit of z(b)?
6
Let v = 40 - 45. Let m(o) = o**3 + o**2 - o + 10. Let w be m(0). Let k = w - v. What is the units digit of k?
5
Let l(y) = -y**2 + 14*y + 36. Let x be (-147)/(-9) - (-2)/(-6). Let r be l(x). Suppose -2*n + 54 = 4*c, 6 = -c - r*n + 30. What is the tens digit of c?
1
Let f(z) = -z**2 - 3*z - 5. Let i be f(-6). Let x = i + 32. What is the units digit of x?
9
What is the tens digit of ((-12)/(-5))/(-9 - 63393/(-7040))?
1
Let u = 54 - -39. Suppose 4*j + u = 7*j. What is the units digit of j?
1
Let p(i) = 30*i**2 + i - 3. Let k be p(-3). Suppose -263*x - 114 = -k*x. What is the tens digit of x?
1
Suppose -2*a - a - 108 = -4*r, 20 = -5*a. Suppose r + 54 = 6*h. What is the units digit of h?
3
Let g be (-3)/((-18)/(-4))*15. Let m = g + 25. What is the tens digit of (20/m - -3)*3?
1
What is the hundreds digit of (5 - 2) + 6 - -1566?
5
Suppose 6*o = -6 + 42. What is the tens digit of ((-8)/o + 0)/(2